{"id":2462,"date":"2023-03-31T11:36:01","date_gmt":"2023-03-31T04:36:01","guid":{"rendered":"https:\/\/bodam.top\/?post_type=product&#038;p=2462"},"modified":"2024-11-08T15:53:14","modified_gmt":"2024-11-08T08:53:14","slug":"bo-dam-cam-tay-motorola-gp-88","status":"publish","type":"product","link":"https:\/\/bodamviet.com\/?product=bo-dam-cam-tay-motorola-gp-88","title":{"rendered":"B\u1ed9 \u0110\u00e0m Motorola GP-88"},"content":{"rendered":"<h2><span style=\"color: #ff0000;\">B\u1ed9 \u0110\u00e0m C\u1ea7m Tay Motorola GP-88 &#8211; <strong>M\u1eabu b\u1ed9 \u0111\u00e0m \u0111\u01b0\u1ee3c d\u00f9ng nhi\u1ec1u cho c\u00e1c c\u00f4ng ty x\u00e2y d\u1ef1ng, b\u1ea3o v\u1ec7 t\u00f2a nh\u00e0, KCN<\/strong><\/span><\/h2>\n<p><img loading=\"lazy\" decoding=\"async\" class=\"aligncenter wp-image-2465 size-full\" title=\"B\u1ed9 \u0110\u00e0m C\u1ea7m Tay Motorola GP-88 Gi\u00e1 R\u1ebb T\u1ea1i bodamviet.com\" src=\"https:\/\/bodamviet.com\/wp-content\/uploads\/2023\/03\/tron-bo-may-bo-dam-motorola-GP-88.png\" alt=\"B\u1ed9 \u0110\u00e0m C\u1ea7m Tay Motorola GP-88 Gi\u00e1 R\u1ebb T\u1ea1i bodamviet.com\" width=\"800\" height=\"800\" srcset=\"https:\/\/bodamviet.com\/wp-content\/uploads\/2023\/03\/tron-bo-may-bo-dam-motorola-GP-88.png 800w, https:\/\/bodamviet.com\/wp-content\/uploads\/2023\/03\/tron-bo-may-bo-dam-motorola-GP-88-768x768.png 768w, https:\/\/bodamviet.com\/wp-content\/uploads\/2023\/03\/tron-bo-may-bo-dam-motorola-GP-88-300x300.png 300w, https:\/\/bodamviet.com\/wp-content\/uploads\/2023\/03\/tron-bo-may-bo-dam-motorola-GP-88-600x600.png 600w, https:\/\/bodamviet.com\/wp-content\/uploads\/2023\/03\/tron-bo-may-bo-dam-motorola-GP-88-100x100.png 100w\" sizes=\"auto, (max-width: 800px) 100vw, 800px\" \/><\/p>\n<p>B\u1ed9 \u0111\u00e0m Motorola GP-88 l\u00e0 d\u00f2ng s\u1ea3n ph\u1ea9m \u0111\u01b0\u1ee3c gi\u1edbi thi\u1ec7u b\u1edfi<a href=\"https:\/\/maitel.net\/bo-dam-motorola\/\" target=\"_blank\" rel=\"noopener\">\u00a0h\u00e3ng Motorola.<\/a>\u00a0V\u1edbi kh\u1ea3 n\u0103ng t\u01b0\u01a1ng t\u00e1c n\u00e2ng cao, c\u00f3 th\u1ec3 ch\u1ecdn t\u1eeb nhi\u1ec1u t\u00f9y ch\u1ecdn b\u00e1o hi\u1ec7u, ch\u1eb3ng h\u1ea1n nh\u01b0: MDC1200\u00ae, FleetSync\u00ae, DTMF v\u00e0 kh\u1ea3 n\u0103ng 2 \u00e2m ho\u1eb7c 5 t\u00f4ng \u0111\u1ec3 t\u00edch h\u1ee3p li\u1ec1n m\u1ea1ch v\u00e0o m\u1ed9t h\u1ea1m \u0111\u1ed9i h\u1ed7n h\u1ee3p. T\u01b0\u01a1ng th\u00edch v\u1edbi h\u1ec7 th\u1ed1ng pin ph\u1ed5 qu\u00e1t, b\u1ea1n s\u1ebd lo\u1ea1i b\u1ecf s\u1ef1 l\u1ed9n x\u1ed9n v\u00e0 nh\u1ea7m l\u1eabn b\u1eb1ng c\u00e1ch chu\u1ea9n h\u00f3a tr\u00ean m\u1ed9t \u0111\u1ebf s\u1ea1c cho to\u00e0n b\u1ed9 nh\u00f3m. S\u1ea3n ph\u1ea9m ho\u00e0n to\u00e0n \u0111\u00e1p \u1ee9ng\u00a0ti\u00eau chu\u1ea9n qu\u1ed1c t\u1ebf ch\u1ed1ng b\u1ee5i v\u00e0 n\u01b0\u1edbc IP55\u00a0c\u0169ng nh\u01b0 ti\u00eau chu\u1ea9n qu\u00e2n s\u1ef1 M\u1ef9 MIL-STD 810 C, D, E, F v\u00e0 ti\u00eau chu\u1ea9n m\u00f4i\u00a0tr\u01b0\u1eddng<\/p>\n<p>Xem th\u00eam :<\/p>\n<ul>\n<li><a href=\"https:\/\/maitel.net\/bo-dam-motorola-gp-960h\/\">b\u1ed9 \u0111\u00e0m motorola GP-960H<\/a><\/li>\n<li><a href=\"https:\/\/maitel.net\/bo-dam-motorola-vx-264\/\">B\u1ed9 \u0111\u00e0m Motorola VX264<\/a><\/li>\n<\/ul>\n<p><img loading=\"lazy\" decoding=\"async\" class=\"aligncenter wp-image-2466 size-full\" title=\"B\u1ed9 \u0110\u00e0m C\u1ea7m Tay Motorola GP-88 Gi\u00e1 R\u1ebb T\u1ea1i bodamviet.com\" src=\"https:\/\/bodamviet.com\/wp-content\/uploads\/2023\/03\/may-bo-dam-cam-tay-motorol-gp-88.jpg\" alt=\"B\u1ed9 \u0110\u00e0m C\u1ea7m Tay Motorola GP-88 Gi\u00e1 R\u1ebb T\u1ea1i bodamviet.com\" width=\"800\" height=\"694\" srcset=\"https:\/\/bodamviet.com\/wp-content\/uploads\/2023\/03\/may-bo-dam-cam-tay-motorol-gp-88.jpg 800w, https:\/\/bodamviet.com\/wp-content\/uploads\/2023\/03\/may-bo-dam-cam-tay-motorol-gp-88-768x666.jpg 768w, https:\/\/bodamviet.com\/wp-content\/uploads\/2023\/03\/may-bo-dam-cam-tay-motorol-gp-88-600x521.jpg 600w\" sizes=\"auto, (max-width: 800px) 100vw, 800px\" \/><\/p>\n<p>&nbsp;<\/p>\n<h4>T\u00cdNH N\u0102NG C\u1ee6A M\u00c1Y B\u1ed8 \u0110\u00c0M GP 88\u00a0MOTOROLA<\/h4>\n<p>\u2013\u00a0Nh\u1ecf g\u1ecdn v\u00e0 r\u1ea5t nh\u1eb9\u00a0: thi\u1ebft k\u1ebf nh\u1ecf g\u1ecdn nh\u01b0 1 chi\u1ebfc \u0111i\u1ec7n tho\u1ea1i di \u0111\u1ed9ng, ch\u1ec9\u00a0n\u1eb7ng 281g\u00a0c\u00f3 th\u1ec3 c\u1ea7m g\u1ecdn trong l\u00f2ng b\u00e0n tay hay \u0111eo \u1edf th\u1eaft l\u01b0ng ho\u1eb7c b\u1ecf v\u00e0o t\u00fai m\u00e0 kh\u00f4ng c\u1ea3m th\u1ea5y b\u1ea5t ti\u1ec7n khi mang ch\u00fang \u0111i b\u1ea5t k\u1ef3 \u0111\u00e2u.<br \/>\n\u2013 16 k\u00eanh nh\u1edb c\u00f9ng ch\u1ee9c n\u0103ng qu\u00e9t k\u00eanh:\u00a0M\u1ed7i k\u00eanh \u0111\u01b0\u01a1c c\u00e0i \u0111\u1eb7t ch\u1ebf \u0111\u1ed9 ph\u00edm QT v\u00e0 DQT \u0111\u1ec3 h\u1ea1n ch\u1ebf nh\u1eefng t\u00edn hi\u1ec7u kh\u00f4ng mong mu\u1ed1n. B\u1ea1n c\u00f3 th\u1ec3 ch\u1ec9 \u0111\u1ecbnh 16 k\u00eanh n\u1ebfu kh\u00f4ng mu\u1ed1n s\u1eed d\u1ee5ng ch\u1ee9c n\u0103ng qu\u00e9t\u00a0t\u1ef1 \u0111\u1ed9ng. Ti\u1ec7n \u00edch n\u00e0y c\u00f3 ngh\u0129a l\u00e0 ph\u00edm PR \u0111\u01b0\u1ee3c s\u1eed d\u1ee5ng thay th\u1ebf b\u1edfi c\u00e1c ch\u1ee9c n\u0103ng kh\u00e1c.<br \/>\n\u2013\u00a0C\u00f4ng su\u1ea5t:\u00a0GP 88 s\u1eed d\u1ee5ng b\u0103ng t\u1ea7n UHF -VHF cho c\u00f4ng su\u1ea5t ph\u00e1t t\u1edbi 5w cho\u00a0ph\u1ea1m vi ho\u1ea1t \u0111\u1ed9ng 1 \u2013 7 km\u00a0( t\u00f9y v\u00e0o \u0111i\u1ec1u ki\u1ec7n \u0111\u1ecba h\u00ecnh c\u00f3 v\u1eadt c\u1ea3n s\u1ebd cho kho\u1ea3ng c\u00e1ch li\u00ean l\u1ea1c kh\u00e1c nhau) cho cu\u1ed9c \u0111\u00e0m tho\u1ea1i v\u1eabn r\u00f5 n\u00e9t.<br \/>\n\u2013\u00a0VOX:\u00a0T\u00ednh n\u0103ng k\u00edch ho\u1ea1t b\u1eb1ng gi\u1ecdng n\u00f3i (VOX) t\u00edch h\u1ee3p cho ph\u00e9p ng\u01b0\u1eddi d\u00f9ng truy\u1ec1n tin nh\u1eafn c\u1ee7a h\u1ecd trong m\u00f4i tr\u01b0\u1eddng r\u1ea3nh tay m\u00e0 kh\u00f4ng c\u1ea7n nh\u1ea5n n\u00fat\u00a0b\u1ed9 \u0111\u00e0m.<\/p>\n<p><img loading=\"lazy\" decoding=\"async\" class=\"aligncenter wp-image-2464\" title=\"B\u1ed9 \u0110\u00e0m C\u1ea7m Tay Motorola GP-88 Gi\u00e1 R\u1ebb T\u1ea1i bodamviet.com\" src=\"https:\/\/bodamviet.com\/wp-content\/uploads\/2023\/03\/Motorola-GP-88.png\" alt=\"B\u1ed9 \u0110\u00e0m C\u1ea7m Tay Motorola GP-88 Gi\u00e1 R\u1ebb T\u1ea1i bodamviet.com\" width=\"1000\" height=\"1000\" srcset=\"https:\/\/bodamviet.com\/wp-content\/uploads\/2023\/03\/Motorola-GP-88.png 800w, https:\/\/bodamviet.com\/wp-content\/uploads\/2023\/03\/Motorola-GP-88-768x768.png 768w, https:\/\/bodamviet.com\/wp-content\/uploads\/2023\/03\/Motorola-GP-88-300x300.png 300w, https:\/\/bodamviet.com\/wp-content\/uploads\/2023\/03\/Motorola-GP-88-600x600.png 600w, https:\/\/bodamviet.com\/wp-content\/uploads\/2023\/03\/Motorola-GP-88-100x100.png 100w\" sizes=\"auto, (max-width: 1000px) 100vw, 1000px\" \/><\/p>\n<h4>M\u1ed8T S\u1ed0 T\u00cdNH N\u0102NG KH\u00c1C C\u1ee6A MOTOROLA GP 88<\/h4>\n<p>\u2013 Th\u00f4ng b\u00e1o c\u00f4ng nh\u00e2n \u0111\u01a1n \u0111\u1ed9c<br \/>\n\u2013 C\u1ea3nh b\u00e1o kh\u1ea9n c\u1ea5p<br \/>\n\u2013 Ho\u1ea1t \u0111\u1ed9ng trong m\u1ed9t h\u1ec7 th\u1ed1ng pin \u0111a n\u0103ng<br \/>\n\u2013 Nhi\u1ec1u t\u00f9y ch\u1ecdn qu\u00e9t<br \/>\n\u2013 H\u1ec7 th\u1ed1ng truy\u1ec1n d\u1eabn t\u1ef1 \u0111\u1ed9ng ph\u1ea1m vi (ARTS \u2122)<br \/>\n\u2013 M\u00e3 h\u00f3a \u0111\u1ea3o ng\u01b0\u1ee3c b\u1eb1ng gi\u1ecdng n\u00f3i<br \/>\n\u2013 M\u00e3 h\u00f3a v\u00e0 gi\u1ea3i m\u00e3 CTCSS \/ DCS<br \/>\n\u2013 M\u00e3 h\u00f3a ANC MDC-1200\u00ae<br \/>\n\u2013 M\u00e3 h\u00f3a FleetSync\u00ae ANI<br \/>\n\u2013 M\u00e3 h\u00f3a \/ gi\u1ea3i m\u00e3 2 giai \u0111i\u1ec7u<br \/>\n\u2013 M\u00e3 h\u00f3a \/ gi\u1ea3i m\u00e3 5 giai \u0111i\u1ec7u<br \/>\n\u2013 M\u00e3 h\u00f3a DTMF ANI\u00a0IP55<\/p>\n<p>&nbsp;<\/p>\n<p><strong>TH\u00d4NG TIN LI\u00caN H\u1ec6<\/strong><\/p>\n<ul>\n<li>H\u00e3y ch\u00e1t ngay v\u1edbi nh\u00e2n vi\u00ean online c\u1ee7a ch\u00fang t\u00f4i t\u1eeb 8h00 t\u1edbi 19h t\u1ed1i \u0111\u1ec3 \u0111\u01b0\u1ee3c gi\u1ea3i \u0111\u00e1p mi\u1ec5n ph\u00ed c\u00e1c c\u00e2u h\u1ecfi th\u01b0\u1eddng g\u1eb7p.<\/li>\n<li>Hotline: 098 809 8828 \/ 094 987 7728<\/li>\n<li>Website:\u00a0<a href=\"https:\/\/bodamviet.com\">https:\/\/bodamviet.com<\/a><\/li>\n<li>\u0110\u1ecba Ch\u1ec9: 184 \u0110. Nguy\u1ec5n Tu\u00e2n, Thanh Xu\u00e2n Trung, Thanh Xu\u00e2n, H\u00e0 N\u1ed9i<\/li>\n<li>Gi\u1edd m\u1edf c\u1eeda : 8h00 \u2013 22h00 H\u00e0ng ng\u00e0y \u2013 ( L\u00e0m c\u1ea3 Th\u1ee9 7 &amp; CN)<\/li>\n<\/ul>\n<p>&nbsp;<\/p>\n","protected":false},"excerpt":{"rendered":"<p><strong>B\u1ed9 \u0111\u00e0m c\u1ea7m tay Motorola GP-88<\/strong><\/p>\n<p><span style=\"color: #ff0000;\">Th\u00edch h\u1ee3p d\u00f9ng cho c<\/span><span style=\"color: #ff0000;\">\u00f4ng ty x\u00e2y d\u1ef1ng, b\u1ea3o v\u1ec7 t\u00f2a nh\u00e0, KCN<\/span><\/p>\n<p>B\u1ed9 \u0110\u00e0m Motorola GP-88 <strong>Pin Tr\u00e2u &#8211; S\u00f3ng Kh\u1ecfe &#8211; N\u1ed3i \u0110\u1ed3ng C\u1ed1i \u0110\u00e1<\/strong>\u00a0d\u1ec5 d\u00e0ng s\u1eed d\u1ee5ng v\u00e0 thay th\u1ebf linh ki\u1ec7n.<\/p>\n<p>Motorola GP-88: Kho\u1ea3ng c\u00e1ch li\u00ean l\u1ea1c 1 \u2013 5km T\u00f9y tr\u1ed1ng tho\u00e1ng; 30-50 t\u1ea7ng. Pin d\u00f9ng 10-16h<\/p>\n<p>B\u1ea3o h\u00e0nh 24 th\u00e1ng th\u00e2n m\u00e1y; 06 th\u00e1ng pin x\u1ea1c<\/p>\n","protected":false},"featured_media":2467,"comment_status":"open","ping_status":"closed","template":"","meta":[],"product_cat":[442,413,411],"product_tag":[472,473],"class_list":{"0":"post-2462","1":"product","2":"type-product","3":"status-publish","4":"has-post-thumbnail","6":"product_cat-bo-dam-motorola","7":"product_cat-bo-dam-bao-ve","8":"product_cat-bo-dam-cong-truong","9":"product_tag-bo-dam-cam-tay-motorola-gp-88","10":"product_tag-motorola-gp-88","12":"first","13":"instock","14":"sale","15":"shipping-taxable","16":"purchasable","17":"product-type-simple"},"_links":{"self":[{"href":"https:\/\/bodamviet.com\/index.php?rest_route=\/wp\/v2\/product\/2462","targetHints":{"allow":["GET"]}}],"collection":[{"href":"https:\/\/bodamviet.com\/index.php?rest_route=\/wp\/v2\/product"}],"about":[{"href":"https:\/\/bodamviet.com\/index.php?rest_route=\/wp\/v2\/types\/product"}],"replies":[{"embeddable":true,"href":"https:\/\/bodamviet.com\/index.php?rest_route=%2Fwp%2Fv2%2Fcomments&post=2462"}],"wp:featuredmedia":[{"embeddable":true,"href":"https:\/\/bodamviet.com\/index.php?rest_route=\/wp\/v2\/media\/2467"}],"wp:attachment":[{"href":"https:\/\/bodamviet.com\/index.php?rest_route=%2Fwp%2Fv2%2Fmedia&parent=2462"}],"wp:term":[{"taxonomy":"product_cat","embeddable":true,"href":"https:\/\/bodamviet.com\/index.php?rest_route=%2Fwp%2Fv2%2Fproduct_cat&post=2462"},{"taxonomy":"product_tag","embeddable":true,"href":"https:\/\/bodamviet.com\/index.php?rest_route=%2Fwp%2Fv2%2Fproduct_tag&post=2462"}],"curies":[{"name":"wp","href":"https:\/\/api.w.org\/{rel}","templated":true}]}}