{"id":2468,"date":"2023-03-31T14:08:53","date_gmt":"2023-03-31T07:08:53","guid":{"rendered":"https:\/\/bodam.top\/?post_type=product&#038;p=2468"},"modified":"2024-11-08T16:17:00","modified_gmt":"2024-11-08T09:17:00","slug":"bo-dam-cam-tay-motorola-gp-960h","status":"publish","type":"product","link":"https:\/\/bodamviet.com\/?product=bo-dam-cam-tay-motorola-gp-960h","title":{"rendered":"B\u1ed9 \u0110\u00e0m Motorola GP-960H"},"content":{"rendered":"<h2><span style=\"color: #ff0000;\">B\u1ed9 \u0110\u00e0m C\u1ea7m Tay Motorola GP-960H &#8211; th\u00edch h\u1ee3p d\u00f9ng trong c\u00f4ng tr\u01b0\u1eddng, b\u1ea3o v\u1ec7, KCN<\/span><\/h2>\n<p>B\u1ed9 \u0111\u00e0m GP-960H l\u00e0 m\u1ed9t thi\u1ebft k\u1ebf r\u1ea5t ch\u1eafc ch\u1eafn, kh\u00f4ng ch\u1ec9 \u0111\u01b0\u1ee3c c\u00e1c chuy\u00ean gia \u0111\u00e1nh gi\u00e1 cao m\u00e0 c\u00f2n \u0111\u01b0\u1ee3c kh\u00e1ch h\u00e0ng b\u00ecnh ch\u1ecdn l\u00e0 s\u1ea3n ph\u1ea9m c\u1ee7a <a href=\"https:\/\/maitel.vn\/bo-dam-motorola\/\" target=\"_blank\" rel=\"noopener\">h\u00e3ng Motorola\u00a0<\/a>\u0111\u01b0\u1ee3c y\u00eau th\u00edch nh\u1ea5t trong n\u0103m v\u1eeba qua. Nh\u1edd c\u00f4ng su\u1ea5t l\u00e0m vi\u1ec7c l\u1edbn cho ph\u00e9p th\u1eddi gian tho\u1ea1i d\u00e0i v\u00e0 ph\u00e1t t\u00edn hi\u1ec7u t\u1ed1t h\u01a1n n\u00ean s\u1ea3n ph\u1ea9m \u0111\u01b0\u1ee3c s\u1eed d\u1ee5ng r\u1ed9ng r\u00e3i trong c\u00e1c nh\u00e0 m\u00e1y, c\u00f4ng tr\u01b0\u1eddng x\u00e2y d\u1ef1ng \u2013 mang l\u1ea1i hi\u1ec7u qu\u1ea3 cao nh\u1ea5t trong c\u00f4ng t\u00e1c \u0111i\u1ec1u h\u00e0nh v\u00e0 qu\u1ea3n l\u00fd c\u00f4ng vi\u1ec7c. D\u00f2ng s\u1ea3n ph\u1ea9m n\u00e0y ch\u1eafc ch\u1eafn l\u00e0 m\u1ed9t s\u1ef1 l\u1ef1a ch\u1ecdn tinh t\u1ebf v\u00e0 th\u00f4ng minh c\u1ee7a b\u1ea1n.<\/p>\n<p>Thi\u1ebft k\u1ebf m\u1ea1nh m\u1ebd: Motorola GP-960H \u0111\u01b0\u1ee3c thi\u1ebft k\u1ebf \u0111\u1ea1t v\u00e0 v\u01b0\u1ee3t c\u00e1c ti\u00eau chu\u1ea9n qu\u1ed1c t\u1ebf kh\u1eaft khe c\u1ee7a Motorola nh\u01b0 th\u1eed nghi\u1ec7m tu\u1ed5i th\u1ecd b\u1ed9 \u0111\u00e0m trong nh\u1eefng \u0111i\u1ec1u ki\u1ec7n th\u1ef1c t\u1ebf kh\u1eafc nghi\u1ec7t (ALT), ti\u00eau chu\u1ea9n qu\u00e2n s\u1ef1 MIL-STD 810C\/D\/E v\u00e0 ti\u00eau chu\u1ea9n ch\u1ed1ng th\u1ea5m n\u01b0\u1edbc IP67 th\u00edch h\u1ee3p s\u1eed d\u1ee5ng trong c\u00e1c m\u00f4i tr\u01b0\u1eddng kh\u1eafc nghi\u1ec7t.<\/p>\n<ul>\n<li><a href=\"https:\/\/maitel.net\/bo-dam-motorola-cp-1600\/\">B\u1ed9 \u0111\u00e0m motorola CP-1660<\/a><\/li>\n<li><a href=\"https:\/\/maitel.net\/bo-dam-motorola-vx-264\/\">B\u1ed9 \u0111\u00e0m Motorola Xir C1200<\/a><\/li>\n<\/ul>\n<p><img loading=\"lazy\" decoding=\"async\" class=\"aligncenter wp-image-2465 size-full\" title=\"B\u1ed9 \u0110\u00e0m C\u1ea7m Tay Motorola GP-960H Gi\u00e1 R\u1ebb | Bodam.top\" src=\"https:\/\/bodamviet.com\/wp-content\/uploads\/2023\/03\/tron-bo-may-bo-dam-motorola-GP-88.png\" alt=\"B\u1ed9 \u0110\u00e0m C\u1ea7m Tay Motorola GP-960H Gi\u00e1 R\u1ebb | Bodam.top\" width=\"800\" height=\"800\" srcset=\"https:\/\/bodamviet.com\/wp-content\/uploads\/2023\/03\/tron-bo-may-bo-dam-motorola-GP-88.png 800w, https:\/\/bodamviet.com\/wp-content\/uploads\/2023\/03\/tron-bo-may-bo-dam-motorola-GP-88-768x768.png 768w, https:\/\/bodamviet.com\/wp-content\/uploads\/2023\/03\/tron-bo-may-bo-dam-motorola-GP-88-300x300.png 300w, https:\/\/bodamviet.com\/wp-content\/uploads\/2023\/03\/tron-bo-may-bo-dam-motorola-GP-88-600x600.png 600w, https:\/\/bodamviet.com\/wp-content\/uploads\/2023\/03\/tron-bo-may-bo-dam-motorola-GP-88-100x100.png 100w\" sizes=\"auto, (max-width: 800px) 100vw, 800px\" \/><\/p>\n<h4><strong>M\u1ed8T S\u1ed0 T\u00cdNH N\u0102NG N\u1ed4I B\u1eacT C\u1ee6A B\u1ed8 \u0110\u00c0M MOTOROLA GP-960H:<\/strong><\/h4>\n<p>\u2013 \u00c2m thanh t\u0103ng c\u01b0\u1eddng:\u00a0M\u00e1y b\u1ed9 \u0111\u00e0m t\u00edch h\u1ee3p ch\u1ebf \u0111\u1ed9 n\u00e9n \u00e2m tho\u1ea1i v\u00e0 loa mang l\u1ea1i ch\u1ea5t l\u01b0\u1ee3ng \u00e2m thanh trong tr\u1ebbo v\u01b0\u1ee3t tr\u1ed9i. C\u00f4ng ngh\u1ec7 gi\u00e3n m\u1ee9c th\u1ea5p &amp; n\u00e9n gi\u1ecdng n\u00f3i \u0111\u1eb7c bi\u1ec7t c\u1ee7a h\u00e3ng\u00a0b\u1ed9 \u0111\u00e0m Motorola\u00a0\u0111\u1ea3m b\u1ea3o\u00a0B\u1ed9 \u0111\u00e0m 960H c\u00f3 ch\u1ea5t l\u01b0\u1ee3ng \u00e2m thanh m\u1ea1nh m\u1ebd, r\u00f5 r\u00e0ng<\/p>\n<p>\u2013 Dung l\u01b0\u1ee3ng pin: B\u1ed9 \u0111\u00e0m Motorola GP 960H s\u1eed d\u1ee5ng pin dung l\u01b0\u1ee3ng 2800mAh, ho\u1ea1t \u0111\u1ed9ng li\u00ean t\u1ee5c t\u1eeb 10 \u2013 12 gi\u1edd.<\/p>\n<p>\u2013\u00a0C\u00f4ng su\u1ea5t:\u00a0Motorola 960H s\u1eed d\u1ee5ng b\u0103ng t\u1ea7n UHF cho c\u00f4ng su\u1ea5t ph\u00e1t t\u1edbi 7w cho\u00a0ph\u1ea1m vi ho\u1ea1t \u0111\u1ed9ng 1 \u2013 5 km\u00a0( t\u00f9y v\u00e0o \u0111i\u1ec1u ki\u1ec7n \u0111\u1ecba h\u00ecnh c\u00f3 v\u1eadt c\u1ea3n s\u1ebd cho kho\u1ea3ng c\u00e1ch li\u00ean l\u1ea1c kh\u00e1c nhau) cho cu\u1ed9c \u0111\u00e0m tho\u1ea1i v\u1eabn r\u00f5 n\u00e9t.<\/p>\n<p><img loading=\"lazy\" decoding=\"async\" class=\"aligncenter wp-image-2470 size-full\" title=\"B\u1ed9 \u0110\u00e0m C\u1ea7m Tay Motorola GP-960H Gi\u00e1 R\u1ebb | Bodam.top\" src=\"https:\/\/bodamviet.com\/wp-content\/uploads\/2023\/03\/bo-dam-motorola-gp-960h.jpg\" alt=\"B\u1ed9 \u0110\u00e0m C\u1ea7m Tay Motorola GP-960H Gi\u00e1 R\u1ebb | Bodam.top\" width=\"800\" height=\"800\" srcset=\"https:\/\/bodamviet.com\/wp-content\/uploads\/2023\/03\/bo-dam-motorola-gp-960h.jpg 800w, https:\/\/bodamviet.com\/wp-content\/uploads\/2023\/03\/bo-dam-motorola-gp-960h-768x768.jpg 768w, https:\/\/bodamviet.com\/wp-content\/uploads\/2023\/03\/bo-dam-motorola-gp-960h-300x300.jpg 300w, https:\/\/bodamviet.com\/wp-content\/uploads\/2023\/03\/bo-dam-motorola-gp-960h-600x600.jpg 600w, https:\/\/bodamviet.com\/wp-content\/uploads\/2023\/03\/bo-dam-motorola-gp-960h-100x100.jpg 100w\" sizes=\"auto, (max-width: 800px) 100vw, 800px\" \/><\/p>\n<h4>M\u1ed8T S\u1ed0 T\u00cdNH N\u0102NG KH\u00c1C C\u1ee6A MOTOROLA GP 960H<\/h4>\n<p>\u2013 Th\u00f4ng b\u00e1o c\u00f4ng nh\u00e2n \u0111\u01a1n \u0111\u1ed9c<br \/>\n\u2013 C\u1ea3nh b\u00e1o kh\u1ea9n c\u1ea5p<br \/>\n\u2013 Ho\u1ea1t \u0111\u1ed9ng trong m\u1ed9t h\u1ec7 th\u1ed1ng pin \u0111a n\u0103ng<br \/>\n\u2013 Nhi\u1ec1u t\u00f9y ch\u1ecdn qu\u00e9t<br \/>\n\u2013 H\u1ec7 th\u1ed1ng truy\u1ec1n d\u1eabn t\u1ef1 \u0111\u1ed9ng ph\u1ea1m vi (ARTS \u2122)<br \/>\n\u2013 M\u00e3 h\u00f3a \u0111\u1ea3o ng\u01b0\u1ee3c b\u1eb1ng gi\u1ecdng n\u00f3i<br \/>\n\u2013 M\u00e3 h\u00f3a v\u00e0 gi\u1ea3i m\u00e3 CTCSS \/ DCS<br \/>\n\u2013 M\u00e3 h\u00f3a ANC MDC-1200\u00ae<br \/>\n\u2013 M\u00e3 h\u00f3a FleetSync\u00ae ANI<br \/>\n\u2013 M\u00e3 h\u00f3a \/ gi\u1ea3i m\u00e3 2 giai \u0111i\u1ec7u<br \/>\n\u2013 M\u00e3 h\u00f3a \/ gi\u1ea3i m\u00e3 5 giai \u0111i\u1ec7u<br \/>\n\u2013 M\u00e3 h\u00f3a DTMF ANI\u00a0IP55<\/p>\n<p><img loading=\"lazy\" decoding=\"async\" class=\"aligncenter wp-image-2463\" title=\"B\u1ed9 \u0110\u00e0m C\u1ea7m Tay Motorola GP-960H Gi\u00e1 R\u1ebb | Bodam.top\" src=\"https:\/\/bodamviet.com\/wp-content\/uploads\/2023\/03\/may-bo-dam-motorola-GP-88-e1680237043454.jpg\" alt=\"B\u1ed9 \u0110\u00e0m C\u1ea7m Tay Motorola GP-960H Gi\u00e1 R\u1ebb | Bodam.top\" width=\"800\" height=\"800\" srcset=\"https:\/\/bodamviet.com\/wp-content\/uploads\/2023\/03\/may-bo-dam-motorola-GP-88-e1680237043454.jpg 450w, https:\/\/bodamviet.com\/wp-content\/uploads\/2023\/03\/may-bo-dam-motorola-GP-88-e1680237043454-300x300.jpg 300w, https:\/\/bodamviet.com\/wp-content\/uploads\/2023\/03\/may-bo-dam-motorola-GP-88-e1680237043454-100x100.jpg 100w\" sizes=\"auto, (max-width: 800px) 100vw, 800px\" \/><\/p>\n<p>&nbsp;<\/p>\n<h4>C\u1ef0 LY LI\u00caN L\u1ea0C C\u1ee6A B\u1ed8 \u0110\u00c0M C\u1ea6M TAY GP 960H:<\/h4>\n<p>\u2013 Khu v\u1ef1c nhi\u1ec1u nh\u00e0 cao t\u1ea7ng, khu \u0111\u00f4ng d\u00e2n c\u01b0, v\u00f9ng c\u00f3 \u1ea3nh h\u01b0\u1edfng nhi\u1ec1u s\u00f3ng kh\u00e1c: &lt; 1 km<br \/>\n\u2013 Khu v\u1ef1c v\u00f9ng ven th\u00e0nh ph\u1ed1, \u00edt nh\u00e0 cao t\u1ea7ng, \u00edt v\u1eadt c\u1ea3n &lt; 5 km<br \/>\n\u2013 Khu v\u1ef1c \u0111\u1ea5t tr\u1ed1ng, b\u1ebfn c\u1ea3ng, ngo\u1ea1i th\u00e0nh 2 \u2013 5 km<br \/>\n\u2013 Trong c\u00e1c t\u00f2a nh\u00e0 cao \u1ed1c \u0111ang x\u00e2y d\u1ef1ng &lt; 50 t\u1ea7ng<br \/>\n\u2013 Trong c\u00e1c t\u00f2a nh\u00e0 cao \u1ed1c \u0111ang ho\u1ea1t \u0111\u1ed9ng &lt; 40 t\u1ea7ng<\/p>\n<p>&nbsp;<\/p>\n<p><strong>TH\u00d4NG TIN LI\u00caN H\u1ec6<\/strong><\/p>\n<ul>\n<li>H\u00e3y ch\u00e1t ngay v\u1edbi nh\u00e2n vi\u00ean online c\u1ee7a ch\u00fang t\u00f4i t\u1eeb 8h00 t\u1edbi 19h t\u1ed1i \u0111\u1ec3 \u0111\u01b0\u1ee3c gi\u1ea3i \u0111\u00e1p mi\u1ec5n ph\u00ed c\u00e1c c\u00e2u h\u1ecfi th\u01b0\u1eddng g\u1eb7p.<\/li>\n<li>Hotline: 098 809 8828 \/ 094 987 7728<\/li>\n<li>Website:\u00a0<a href=\"https:\/\/bodamviet.com\">https:\/\/bodamviet.com<\/a><\/li>\n<li>\u0110\u1ecba Ch\u1ec9: 184 \u0110. Nguy\u1ec5n Tu\u00e2n, Thanh Xu\u00e2n Trung, Thanh Xu\u00e2n, H\u00e0 N\u1ed9i<\/li>\n<li>Gi\u1edd m\u1edf c\u1eeda : 8h00 \u2013 22h00 H\u00e0ng ng\u00e0y \u2013 ( L\u00e0m c\u1ea3 Th\u1ee9 7 &amp; CN)<\/li>\n<\/ul>\n","protected":false},"excerpt":{"rendered":"<p>B\u1ed9 \u0111\u00e0m c\u1ea7m tay Motorola GP-960H<\/p>\n<p><span style=\"color: #ff0000;\">Gi\u00e1 R\u1ebb th\u00edch h\u1ee3p d\u00f9ng cho c\u00f4ng tr\u01b0\u1eddng, b\u1ea3o v\u1ec7, khu c\u00f4ng nghi\u1ec7p<\/span><\/p>\n<p>B\u1ed9 \u0110\u00e0m Motorola GP-960H <strong>cho c\u1ea3m gi\u00e1c c\u1ea7m n\u1eafm ch\u1eafc ch\u1eafn, v\u1eeba tay<\/strong>\u00a0d\u1ec5 d\u00e0ng s\u1eed d\u1ee5ng v\u00e0 thay th\u1ebf linh ki\u1ec7n.<\/p>\n<p>Motorola GP-960H: Kho\u1ea3ng c\u00e1ch li\u00ean l\u1ea1c 1 \u2013 5km, 20-40 t\u1ea7ng T\u00f9y tr\u1ed1ng tho\u00e1ng.<\/p>\n<p>Motorola GP-960H s\u1edf h\u1eefu vi\u00ean pin dung l\u01b0\u1ee3ng <strong>2800mAh<\/strong>, ho\u1ea1t \u0111\u1ed9ng li\u00ean t\u1ee5c t\u1eeb 10 \u2013 12 gi\u1edd.<\/p>\n<p>Motorola GP-960H S\u1ea3n xu\u1ea5t T\u1ea1i Motorola China; B\u1ea3o h\u00e0nh 24 th\u00e1ng th\u00e2n m\u00e1y; 06 th\u00e1ng pin x\u1ea1c<\/p>\n","protected":false},"featured_media":2469,"comment_status":"open","ping_status":"closed","template":"","meta":[],"product_cat":[442,413,411],"product_tag":[474,475],"class_list":{"0":"post-2468","1":"product","2":"type-product","3":"status-publish","4":"has-post-thumbnail","6":"product_cat-bo-dam-motorola","7":"product_cat-bo-dam-bao-ve","8":"product_cat-bo-dam-cong-truong","9":"product_tag-bo-dam-cam-tay-motorola-gp-960h","10":"product_tag-motorola-gp-960h","12":"first","13":"instock","14":"sale","15":"shipping-taxable","16":"purchasable","17":"product-type-simple"},"_links":{"self":[{"href":"https:\/\/bodamviet.com\/index.php?rest_route=\/wp\/v2\/product\/2468","targetHints":{"allow":["GET"]}}],"collection":[{"href":"https:\/\/bodamviet.com\/index.php?rest_route=\/wp\/v2\/product"}],"about":[{"href":"https:\/\/bodamviet.com\/index.php?rest_route=\/wp\/v2\/types\/product"}],"replies":[{"embeddable":true,"href":"https:\/\/bodamviet.com\/index.php?rest_route=%2Fwp%2Fv2%2Fcomments&post=2468"}],"wp:featuredmedia":[{"embeddable":true,"href":"https:\/\/bodamviet.com\/index.php?rest_route=\/wp\/v2\/media\/2469"}],"wp:attachment":[{"href":"https:\/\/bodamviet.com\/index.php?rest_route=%2Fwp%2Fv2%2Fmedia&parent=2468"}],"wp:term":[{"taxonomy":"product_cat","embeddable":true,"href":"https:\/\/bodamviet.com\/index.php?rest_route=%2Fwp%2Fv2%2Fproduct_cat&post=2468"},{"taxonomy":"product_tag","embeddable":true,"href":"https:\/\/bodamviet.com\/index.php?rest_route=%2Fwp%2Fv2%2Fproduct_tag&post=2468"}],"curies":[{"name":"wp","href":"https:\/\/api.w.org\/{rel}","templated":true}]}}