{"id":2500,"date":"2023-03-31T17:17:34","date_gmt":"2023-03-31T10:17:34","guid":{"rendered":"https:\/\/bodam.top\/?post_type=product&#038;p=2500"},"modified":"2024-11-08T16:23:38","modified_gmt":"2024-11-08T09:23:38","slug":"bo-dam-cam-tay-motorola-cp3200","status":"publish","type":"product","link":"https:\/\/bodamviet.com\/?product=bo-dam-cam-tay-motorola-cp3200","title":{"rendered":"B\u1ed9 \u0110\u00e0m Motorola CP-3200"},"content":{"rendered":"<h2><span style=\"color: #ff0000;\">B\u1ed9 \u0110\u00e0m C\u1ea7m Tay Motorola CP-3200 &#8211; <strong>d\u00f9ng nhi\u1ec1u cho c\u00e1c c\u00f4ng ty x\u00e2y d\u1ef1ng, b\u1ea3o v\u1ec7 t\u00f2a nh\u00e0, KCN<\/strong><\/span><\/h2>\n<p>\u2013 V\u1edbi nh\u1eefng \u0111\u1eb7c t\u00ednh v\u01b0\u1ee3t tr\u1ed9i nh\u01b0 d\u1ea3i t\u1ea7n r\u1ed9ng, c\u00f4ng su\u1ea5t ph\u00e1t l\u1edbn, pin dung l\u01b0\u1ee3ng cao, ch\u1ea5t l\u01b0\u1ee3ng \u00e2m thanh tuy\u1ec7t v\u1eddi, B\u1ed9 \u0110\u00e0m C\u1ea7m Tay Motorola CP-3200 ch\u1eafc ch\u1eafn s\u1ebd l\u00e0 m\u1ed9t s\u1ea3n \u0111\u00e1ng mong \u0111\u1ee3i nh\u1ea5t m\u00f9a h\u00e8 n\u0103m nay, \u0110\u00e2y l\u00e0 d\u00f2ng s\u1ea3n ph\u1ea9m c\u1ee7a <a href=\"https:\/\/maitel.vn\/bo-dam-motorola\/\" target=\"_blank\" rel=\"noopener\">h\u00e3ng Motorola<\/a>\u00a0s\u1ebd l\u00e0 l\u1ef1a ch\u1ecdn l\u00fd t\u01b0\u1edfng cho nh\u00e0 h\u00e0ng, kh\u00e1ch s\u1ea1n, \u0111i\u1ec1u h\u00e0nh s\u1ea3n xu\u1ea5t t\u1ea1i c\u00e1c nh\u00e0 m\u00e1y, c\u00f4ng tr\u01b0\u1eddng x\u00e2y d\u1ef1ng, c\u00e1c c\u00f4ng ty t\u1ed5 ch\u1ee9c s\u1ef1 ki\u1ec7n, c\u00e1c c\u00f4ng ty b\u1ea3o v\u1ec7\u2026.<\/p>\n<p>B\u1ed9 \u0111\u00e0m c\u1ea7m tay Motorola CP-3200 \u0111\u01b0\u1ee3c thi\u1ebft k\u1ebf ch\u1ed1ng b\u1ee5i, n\u01b0\u1edbc c\u1ef1c t\u1ed1t theo ti\u00eau chu\u1ea9n IP-67. Khi b\u1ea1n s\u1eed d\u1ee5ng <a href=\"https:\/\/maitel.net\/may-bo-dam\/\">m\u00e1y b\u1ed9 \u0111\u00e0m<\/a>\u00a0trong \u0111i\u1ec1u ki\u1ec7n c\u00f4ng tr\u01b0\u1eddng nhi\u1ec1u b\u1ee5i, c\u00f3 m\u1ea1t s\u1eaft si\u00eau nh\u1ecf. M\u00e1y v\u1eabn \u0111\u01b0\u1ee3c b\u1ea3o v\u1ec7 ho\u1ea1t \u0111\u1ed9ng t\u1ed1t v\u1edbi m\u00e0ng l\u01b0\u1edbi ch\u1ed1ng b\u1ee5i. V\u00e0 khi b\u1ea1n \u0111ang d\u00f9ng g\u1eb7p tr\u1eddi m\u01b0a. Ho\u1eb7c b\u1ecb r\u01a1i xu\u1ed1ng n\u01b0\u1edbc h\u00e0ng gi\u1edd b\u1ea1n v\u1eabn y\u00ean t\u00e2m s\u1eed d\u1ee5ng. M\u00e1y\u00a0<a href=\"https:\/\/maitel.net\/bo-dam-cam-tay\/\">b\u1ed9 \u0111\u00e0m c\u1ea7m tay<\/a>\u00a0\u0111\u01b0\u1ee3c\u00a0trang b\u1ecb c\u1ed5ng c\u1eafm tai nghe chuy\u00ean d\u1ee5ng, kh\u1ea3 n\u0103ng li\u00ean l\u1ea1c xa trong m\u1ecdi \u0111i\u1ec1u ki\u1ec7n.\u00a0\u0111\u01b0\u1ee3c trang b\u1ecb Chip C\u00f4ng su\u1ea5t thu ph\u00e1t t\u00edn hi\u1ec7u l\u00ean \u0111\u1ebfn 15W v\u1edbi t\u1ea7n s\u1ed1 (UHF). Cho kh\u1ea3 n\u0103ng li\u00ean l\u1ea1c \u1edf khu \u0111\u00f4 th\u1ecb nhi\u1ec1u nh\u00e0 \u1edf l\u00ean \u0111\u1ebfn 4km, 50-70 t\u1ea7ng nh\u00e0 cao t\u1ea7ng, ngo\u1ea1i th\u00e0nh tr\u00ean 6-8km.<\/p>\n<p><img loading=\"lazy\" decoding=\"async\" class=\"aligncenter wp-image-2494 size-full\" title=\"B\u1ed9 \u0110\u00e0m C\u1ea7m Tay Motorola CP-3200 Gi\u00e1 R\u1ebb Nh\u1ea5t T\u1ea1i Bodam.top\" src=\"https:\/\/bodamviet.com\/wp-content\/uploads\/2023\/03\/bo-dam-cam-tay-motorola-cp-6668.webp\" alt=\"B\u1ed9 \u0110\u00e0m C\u1ea7m Tay Motorola CP-3200 Gi\u00e1 R\u1ebb Nh\u1ea5t T\u1ea1i Bodam.top\" width=\"450\" height=\"450\" srcset=\"https:\/\/bodamviet.com\/wp-content\/uploads\/2023\/03\/bo-dam-cam-tay-motorola-cp-6668.webp 450w, https:\/\/bodamviet.com\/wp-content\/uploads\/2023\/03\/bo-dam-cam-tay-motorola-cp-6668-300x300.webp 300w, https:\/\/bodamviet.com\/wp-content\/uploads\/2023\/03\/bo-dam-cam-tay-motorola-cp-6668-100x100.webp 100w\" sizes=\"auto, (max-width: 450px) 100vw, 450px\" \/><\/p>\n<h4>T\u00cdNH N\u0102NG C\u1ee6A B\u1ed8 \u0110\u00c0M C\u1ea6M TAY MOTOROLA CP-3200<\/h4>\n<p><strong>\u2013 Thi\u1ebft k\u1ebf nh\u1ecf g\u1ecdn v\u00e0 r\u1ea5t nh\u1eb9<\/strong><br \/>\n\u0110\u01b0\u1ee3c thi\u1ebft k\u1ebf nh\u1ecf g\u1ecdn nh\u01b0 1 chi\u1ebfc \u0111i\u1ec7n tho\u1ea1i di \u0111\u1ed9ng, c\u00f3 th\u1ec3 c\u1ea7m g\u1ecdn trong l\u00f2ng b\u00e0n tay hay \u0111eo \u1edf th\u1eaft l\u01b0ng ho\u1eb7c b\u1ecf v\u00e0o t\u00fai m\u00e0 kh\u00f4ng c\u1ea3m th\u1ea5y b\u1ea5t ti\u1ec7n khi mang ch\u00fang \u0111i b\u1ea5t k\u1ef3 \u0111\u00e2u.<\/p>\n<p><strong>\u2013 16 k\u00eanh nh\u1edb c\u00f9ng ch\u1ee9c n\u0103ng qu\u00e9t k\u00eanh<\/strong><br \/>\nM\u1ed7i k\u00eanh \u0111\u01b0\u01a1c c\u00e0i \u0111\u1eb7t ch\u1ebf \u0111\u1ed9 ph\u00edm QT v\u00e0 DQT \u0111\u1ec3 h\u1ea1n ch\u1ebf nh\u1eefng t\u00edn hi\u1ec7u kh\u00f4ng mong mu\u1ed1n. B\u1ea1n c\u00f3 th\u1ec3 ch\u1ec9 \u0111\u1ecbnh 16 k\u00eanh n\u1ebfu kh\u00f4ng mu\u1ed1n s\u1eed d\u1ee5ng ch\u1ee9c n\u0103ng qu\u00e9t t\u1ef1 \u0111\u1ed9ng.<\/p>\n<p><strong>\u2013 C\u00f4ng su\u1ea5t<\/strong><br \/>\nS\u1eed d\u1ee5ng b\u0103ng t\u1ea7n UHF cho c\u00f4ng su\u1ea5t ph\u00e1t t\u1edbi 15w cho ph\u1ea1m vi ho\u1ea1t \u0111\u1ed9ng 1 \u2013 5km ( t\u00f9y v\u00e0o \u0111i\u1ec1u ki\u1ec7n \u0111\u1ecba h\u00ecnh c\u00f3 v\u1eadt c\u1ea3n s\u1ebd cho kho\u1ea3ng c\u00e1ch li\u00ean l\u1ea1c kh\u00e1c nhau) cho cu\u1ed9c \u0111\u00e0m tho\u1ea1i v\u1eabn r\u00f5 n\u00e9t.<\/p>\n<p><strong>\u2013\u00a0<a href=\"https:\/\/maitel.net\/pin-may-bo-dam\/\">Pin<\/a><\/strong><br \/>\nCP-3200 s\u1eed d\u1ee5ng pin dung l\u01b0\u1ee3ng 5200mAh \u2013 Li-ion th\u1eddi gian ho\u1ea1t \u0111\u1ed9ng 36 gi\u1edd. Gi\u00fap ng\u01b0\u1eddi s\u1eed d\u1ee5ng tho\u1ea3i m\u00e1i s\u1eed d\u1ee5ng c\u1ea3 ng\u00e0y m\u00e0 kh\u00f4ng s\u1ee3 h\u1ebft pin, tr\u00e1nh gi\u00e1n \u0111o\u1ea1n c\u00f4ng vi\u1ec7c.<\/p>\n<div style=\"width: 697px\" class=\"wp-caption aligncenter\"><img loading=\"lazy\" decoding=\"async\" title=\"B\u1ed9 \u0110\u00e0m C\u1ea7m Tay Motorola CP-3200 Gi\u00e1 R\u1ebb Nh\u1ea5t T\u1ea1i Bodam.top\" src=\"https:\/\/maitel.net\/wp-content\/uploads\/2019\/03\/bo-dam-cam-tay-motorola-02-1.jpg\" alt=\"B\u1ed9 \u0110\u00e0m C\u1ea7m Tay Motorola CP-3200 Gi\u00e1 R\u1ebb Nh\u1ea5t T\u1ea1i Bodam.top\" width=\"687\" height=\"535\" \/><p class=\"wp-caption-text\">H\u00ecnh \u1ea3nh minh h\u1ecda<\/p><\/div>\n<p>\u2013 C\u00f3 ch\u1ebf \u0111\u1ed9 ti\u1ebft ki\u1ec7m pin:\u00a0D\u00f2ng b\u1ed9 \u0111\u00e0m gi\u00e1 r\u1ebb n\u00e0y \u0111\u01b0\u1ee3c trang b\u1ecb ch\u1ebf \u0111\u1ed9 ti\u1ebft ki\u1ec7m pin th\u00f4ng minh, gi\u00fap duy tr\u00ec \u0111\u01b0\u1ee3c th\u1eddi gian s\u1eed d\u1ee5ng m\u00e1y l\u00e2u h\u01a1n, cho c\u1ef1 ly li\u00ean l\u1ea1c \u0111\u01b0\u1ee3c xa h\u01a1n, \u00e2m thanh truy\u1ec1n t\u1ea3i to v\u00e0 r\u00f5 r\u00e0ng h\u01a1n.<\/p>\n<p>\u2013 C\u00f4ng su\u1ea5t: Motorola CP-3200 s\u1eed d\u1ee5ng b\u0103ng t\u1ea7n UHF \u2013 VHF cho c\u00f4ng su\u1ea5t ph\u00e1t t\u1edbi 10w cho ph\u1ea1m vi ho\u1ea1t \u0111\u1ed9ng 1 \u2013 5 km ( t\u00f9y v\u00e0o \u0111i\u1ec1u ki\u1ec7n \u0111\u1ecba h\u00ecnh c\u00f3 v\u1eadt c\u1ea3n s\u1ebd cho kho\u1ea3ng c\u00e1ch li\u00ean l\u1ea1c kh\u00e1c nhau) cho cu\u1ed9c \u0111\u00e0m tho\u1ea1i v\u1eabn r\u00f5 n\u00e9t.<\/p>\n<h4>TH\u00d4NG S\u1ed0 K\u0128 THU\u1eacT C\u1ee6A B\u1ed8 \u0110\u00c0M MOTOROLA CP-3200<\/h4>\n<p>\u2013 T\u1ea7n s\u1ed1: UHF 400-470mHz<br \/>\n\u2013 Chu\u1ea9n IP 67<br \/>\n\u2013 C\u00f4ng su\u1ea5t thu ph\u00e1t t\u00edn hi\u1ec7u: 15W<br \/>\n\u2013 C\u1ef1 ly li\u00ean l\u1ea1c: 1 \u2013 5km<br \/>\n\u2013 Pin: Li-ion 7.4V<br \/>\n\u2013 Dung l\u01b0\u1ee3ng pin: 5200mAh<br \/>\n\u2013 D\u00f9ng li\u00ean t\u1ee5c 36 gi\u1edd<br \/>\n\u2013 Tr\u1ecdng l\u01b0\u1ee3ng: 220g<br \/>\n\u2013 K\u00edch th\u01b0\u1edbc: 122*60*38mm<br \/>\n\u2013 S\u1ed1 k\u00eanh: 16 k\u00eanh<br \/>\n\u2013 Trang b\u1ecb CODE ch\u1ed1ng nhi\u1ec5u s\u00f3ng, l\u1eabn s\u00f3ng.<br \/>\n\u2013 Trang b\u1ecb t\u00ednh n\u0103ng g\u1ecdi m\u00e0 kh\u00f4ng c\u1ea7n b\u1ea5m ph\u00edm<\/p>\n<p>&nbsp;<\/p>\n<h4><strong>TH\u00d4NG TIN LI\u00caN H\u1ec6<\/strong><\/h4>\n<ul>\n<li>H\u00e3y ch\u00e1t ngay v\u1edbi nh\u00e2n vi\u00ean online c\u1ee7a ch\u00fang t\u00f4i t\u1eeb 8h00 t\u1edbi 19h t\u1ed1i \u0111\u1ec3 \u0111\u01b0\u1ee3c gi\u1ea3i \u0111\u00e1p mi\u1ec5n ph\u00ed c\u00e1c c\u00e2u h\u1ecfi th\u01b0\u1eddng g\u1eb7p.<\/li>\n<li>Hotline: 098 809 8828 \/ 094 987 7728<\/li>\n<li>Website:\u00a0<a href=\"https:\/\/bodamviet.com\">https:\/\/bodamviet.com<\/a><\/li>\n<li>\u0110\u1ecba Ch\u1ec9: 184 \u0110. Nguy\u1ec5n Tu\u00e2n, Thanh Xu\u00e2n Trung, Thanh Xu\u00e2n, H\u00e0 N\u1ed9i<\/li>\n<li>Gi\u1edd m\u1edf c\u1eeda : 8h00 \u2013 22h00 H\u00e0ng ng\u00e0y \u2013 ( L\u00e0m c\u1ea3 Th\u1ee9 7 &amp; CN)<\/li>\n<\/ul>\n<p>&nbsp;<\/p>\n","protected":false},"excerpt":{"rendered":"<p>B\u1ed9 \u0110\u00e0m C\u1ea7m Tay Motorola CP-3200<\/p>\n<p><span style=\"color: #ff0000;\">CP-3200 t\u1ea1o c\u1ea3m gi\u00e1c gi\u00e1c c\u1ea7m n\u1eafm ch\u1eafc tay, tho\u1ea3i m\u00e1i khi s\u1eed d\u1ee5ng, th\u00edch h\u1ee3p v\u1edbi c\u00f4ng tr\u01b0\u1eddng x\u00e2y d\u1ef1ng,b\u1ea3o v\u1ec7 t\u00f2a nh\u00e0&#8230;<\/span><\/p>\n<p>B\u1ed9 \u0110\u00e0m Motorola CP-3200 <strong>Nh\u1ecf \u2013 G\u1ecdn \u2013 Nh\u1eb9<\/strong>\u00a0d\u1ec5 d\u00e0ng s\u1eed d\u1ee5ng v\u00e0 thay th\u1ebf linh ki\u1ec7n.<\/p>\n<p>CP-3200: Kho\u1ea3ng c\u00e1ch li\u00ean l\u1ea1c 2 \u2013 5km T\u00f9y tr\u1ed1ng tho\u00e1ng; 5-25 t\u1ea7ng. Dung l\u01b0\u1ee3ng pin 5200Mah d\u00f9ng 18 &#8211; 24h<\/p>\n<p>Motorola CP-3200 S\u1ea3n xu\u1ea5t T\u1ea1i Motorola China; B\u1ea3o h\u00e0nh 24 th\u00e1ng th\u00e2n m\u00e1y; 06 th\u00e1ng pin x\u1ea1c<\/p>\n","protected":false},"featured_media":2495,"comment_status":"open","ping_status":"closed","template":"","meta":[],"product_cat":[442,413,411],"product_tag":[484,483],"class_list":{"0":"post-2500","1":"product","2":"type-product","3":"status-publish","4":"has-post-thumbnail","6":"product_cat-bo-dam-motorola","7":"product_cat-bo-dam-bao-ve","8":"product_cat-bo-dam-cong-truong","9":"product_tag-bo-dam-cam-tay-motorola-p6668","10":"product_tag-motorola-p6668","12":"first","13":"instock","14":"sale","15":"shipping-taxable","16":"purchasable","17":"product-type-simple"},"_links":{"self":[{"href":"https:\/\/bodamviet.com\/index.php?rest_route=\/wp\/v2\/product\/2500","targetHints":{"allow":["GET"]}}],"collection":[{"href":"https:\/\/bodamviet.com\/index.php?rest_route=\/wp\/v2\/product"}],"about":[{"href":"https:\/\/bodamviet.com\/index.php?rest_route=\/wp\/v2\/types\/product"}],"replies":[{"embeddable":true,"href":"https:\/\/bodamviet.com\/index.php?rest_route=%2Fwp%2Fv2%2Fcomments&post=2500"}],"wp:featuredmedia":[{"embeddable":true,"href":"https:\/\/bodamviet.com\/index.php?rest_route=\/wp\/v2\/media\/2495"}],"wp:attachment":[{"href":"https:\/\/bodamviet.com\/index.php?rest_route=%2Fwp%2Fv2%2Fmedia&parent=2500"}],"wp:term":[{"taxonomy":"product_cat","embeddable":true,"href":"https:\/\/bodamviet.com\/index.php?rest_route=%2Fwp%2Fv2%2Fproduct_cat&post=2500"},{"taxonomy":"product_tag","embeddable":true,"href":"https:\/\/bodamviet.com\/index.php?rest_route=%2Fwp%2Fv2%2Fproduct_tag&post=2500"}],"curies":[{"name":"wp","href":"https:\/\/api.w.org\/{rel}","templated":true}]}}